{"id":10097,"date":"2026-02-07T13:27:31","date_gmt":"2026-02-07T13:27:31","guid":{"rendered":"https:\/\/homebarbut.com\/?page_id=10097"},"modified":"2026-02-11T11:11:55","modified_gmt":"2026-02-11T11:11:55","slug":"carta-3","status":"publish","type":"page","link":"https:\/\/homebarbut.com\/?page_id=10097","title":{"rendered":"Carta"},"content":{"rendered":"\t\t<div data-elementor-type=\"wp-page\" data-elementor-id=\"10097\" class=\"elementor elementor-10097\">\n\t\t\t\t<div class=\"elementor-element elementor-element-45a31a4 e-flex e-con-boxed pxl-row-scroll-none pxl-column-none pxl-full-content-with-space-none pxl-container-line-none pxl-container-video-background-none pxl-none overflow-visible e-con e-parent \" data-id=\"45a31a4\" data-element_type=\"container\" data-e-type=\"container\">\t\t\t<div class=\"e-con-inner\">\r\n\t\t\t\t<div class=\"elementor-element elementor-element-b8f7096 pxl-none overflow-visible elementor-widget elementor-widget-html\" data-id=\"b8f7096\" data-element_type=\"widget\" data-e-type=\"widget\" data-widget_type=\"html.default\">\n\t\t\t\t\t<div class=\"hb-menu\">\n  <div class=\"hb-menu__wrap\">\n    <div class=\"hb-menu__bg\">\n\n      <!-- NAV ANCORES (sticky sempre) -->\n      <nav class=\"hb-menu__nav\" aria-label=\"Carta - Navegaci\u00f3n\">\n        <div class=\"hb-menu__nav-inner\">\n          <a href=\"#entrantes\"><span class=\"hb-menu__dot\"><\/span>Entrantes<\/a>\n          <a href=\"#principales\"><span class=\"hb-menu__dot hb-menu__dot--2\"><\/span>Principales<\/a>\n          <a href=\"#arroces\"><span class=\"hb-menu__dot\"><\/span>Arroces<\/a>\n          <a href=\"#postres\"><span class=\"hb-menu__dot hb-menu__dot--2\"><\/span>Postres<\/a>\n        <\/div>\n      <\/nav>\n\n      <!-- ENTRANTES -->\n      <section class=\"hb-menu__section\" id=\"entrantes\">\n        <div class=\"hb-menu__section-head\">\n          <h2 class=\"hb-menu__section-title\">Entrantes<\/h2>\n          <div class=\"hb-menu__badge\">Para compartir<\/div>\n        <\/div>\n\n        <div class=\"hb-menu__item\">\n          <div class=\"hb-menu__row\">\n            <h4 class=\"hb-menu__name\">Pan tomate y alioli<\/h4>\n            <div class=\"hb-menu__price\">1,00\u20ac<\/div>\n          <\/div>\n          <div class=\"hb-menu__desc\">Alioli casero, con tomate de temporada.<\/div>\n          <div class=\"hb-menu__chips\">\n            <span class=\"hb-chip\">Gluten<\/span><span class=\"hb-chip hb-chip--warn\">Huevo<\/span>\n          <\/div>\n        <\/div>\n\n        <div class=\"hb-menu__item\">\n          <div class=\"hb-menu__row\">\n            <h4 class=\"hb-menu__name\">C\u00c9SAR STREET<\/h4>\n            <div class=\"hb-menu__price\">10,90\u20ac<\/div>\n          <\/div>\n          <div class=\"hb-menu__desc\">Cogollos a la plancha, pechuga marinada y rebozada y parmesano en texturas.<\/div>\n          <div class=\"hb-menu__chips\">\n            <span class=\"hb-chip\">Gluten<\/span><span class=\"hb-chip hb-chip--warn\">Huevo<\/span><span class=\"hb-chip\">Soja<\/span><span class=\"hb-chip\">Mostaza<\/span><span class=\"hb-chip\">Pescado<\/span><span class=\"hb-chip\">Frutos secos<\/span>\n          <\/div>\n        <\/div>\n\n        <div class=\"hb-menu__item\">\n          <div class=\"hb-menu__row\">\n            <h4 class=\"hb-menu__name\">Tomate de El Terreno<\/h4>\n            <div class=\"hb-menu__price\">10,50\u20ac<\/div>\n          <\/div>\n          <div class=\"hb-menu__desc\">Tomate del terreno, cherry, tomate seco, capell\u00e0 torrat, bloody mary ahumado, piparra dulce.<\/div>\n          <div class=\"hb-menu__chips\">\n            <span class=\"hb-chip\">Pescado<\/span><span class=\"hb-chip hb-chip--warn\">Sulfitos<\/span>\n          <\/div>\n        <\/div>\n\n        <div class=\"hb-menu__item\">\n          <div class=\"hb-menu__row\">\n            <h4 class=\"hb-menu__name\">Ensalada de Burrata<\/h4>\n            <div class=\"hb-menu__price\">12,00\u20ac<\/div>\n          <\/div>\n          <div class=\"hb-menu__desc\">Sofrito casero, tomate seco, salicornia, pesto de r\u00facula, brotes tiernos y flores.<\/div>\n          <div class=\"hb-menu__chips\">\n            <span class=\"hb-chip hb-chip--warn\">L\u00e1cteos<\/span><span class=\"hb-chip\">Frutos secos<\/span>\n          <\/div>\n        <\/div>\n\n        <div class=\"hb-menu__item\">\n          <div class=\"hb-menu__row\">\n            <h4 class=\"hb-menu__name\">Croqueta casera de gamba (2 uni.)<\/h4>\n            <div class=\"hb-menu__price\">4,50\u20ac<\/div>\n          <\/div>\n          <div class=\"hb-menu__desc\">Base de suquet thai, gamba encurtida en az\u00facar, sal y c\u00edtricos.<\/div>\n          <div class=\"hb-menu__chips\">\n            <span class=\"hb-chip\">Gluten<\/span><span class=\"hb-chip\">Crust\u00e1ceos<\/span><span class=\"hb-chip hb-chip--warn\">Huevo<\/span><span class=\"hb-chip\">Pescado<\/span><span class=\"hb-chip\">Moluscos<\/span><span class=\"hb-chip\">Mostaza<\/span>\n          <\/div>\n        <\/div>\n\n        <div class=\"hb-menu__item\">\n          <div class=\"hb-menu__row\">\n            <h4 class=\"hb-menu__name\">Croqueta casera de Jam\u00f3n (2 uni.)<\/h4>\n            <div class=\"hb-menu__price\">4,50\u20ac<\/div>\n          <\/div>\n          <div class=\"hb-menu__desc\">Con jam\u00f3n ib\u00e9rico.<\/div>\n          <div class=\"hb-menu__chips\">\n            <span class=\"hb-chip\">Gluten<\/span>\n          <\/div>\n        <\/div>\n\n        <div class=\"hb-menu__item\">\n          <div class=\"hb-menu__row\">\n            <h4 class=\"hb-menu__name\">Bacalao C\u00edtrico<\/h4>\n            <div class=\"hb-menu__price\">11,90\u20ac<\/div>\n          <\/div>\n          <div class=\"hb-menu__desc\">Romesco, tempura, mayonesa de miso, BBQ de cacahuete, encurtidos y ralladura de naranja.<\/div>\n          <div class=\"hb-menu__chips\">\n            <span class=\"hb-chip\">Gluten<\/span><span class=\"hb-chip\">Pescado<\/span><span class=\"hb-chip\">Soja<\/span><span class=\"hb-chip\">Cacahuete<\/span><span class=\"hb-chip\">Frutos secos<\/span><span class=\"hb-chip hb-chip--warn\">Sulfitos<\/span>\n          <\/div>\n        <\/div>\n\n        <div class=\"hb-menu__item\">\n          <div class=\"hb-menu__row\">\n            <h4 class=\"hb-menu__name\">Patatas Gratinadas<\/h4>\n            <div class=\"hb-menu__price\">9,50\u20ac<\/div>\n          <\/div>\n          <div class=\"hb-menu__desc\">Al vapor y luego fritas, romesco, alioli gratinado, padr\u00f3n, huevo frito y jam\u00f3n ib\u00e9rico.<\/div>\n          <div class=\"hb-menu__chips\">\n            <span class=\"hb-chip\">Gluten<\/span><span class=\"hb-chip hb-chip--warn\">Huevo<\/span><span class=\"hb-chip\">Pescado<\/span><span class=\"hb-chip\">Frutos secos<\/span><span class=\"hb-chip hb-chip--warn\">Sulfitos<\/span>\n          <\/div>\n        <\/div>\n\n        <div class=\"hb-menu__item\">\n          <div class=\"hb-menu__row\">\n            <h4 class=\"hb-menu__name\">Porki\u2019s<\/h4>\n            <div class=\"hb-menu__price\">13,00\u20ac<\/div>\n          <\/div>\n          <div class=\"hb-menu__desc\">Costilla de cerdo a baja temperatura, teriyaki de cerveza negra, coleslaw y col encurtida en lima y az\u00facar.<\/div>\n          <div class=\"hb-menu__chips\">\n            <span class=\"hb-chip\">Gluten<\/span><span class=\"hb-chip\">Soja<\/span><span class=\"hb-chip\">Pescado<\/span><span class=\"hb-chip hb-chip--warn\">Sulfitos<\/span>\n          <\/div>\n        <\/div>\n      <\/section>\n\n      <!-- PRINCIPALES -->\n      <section class=\"hb-menu__section\" id=\"principales\">\n        <div class=\"hb-menu__section-head\">\n          <h2 class=\"hb-menu__section-title\">Principales<\/h2>\n          <div class=\"hb-menu__badge\">Platos<\/div>\n        <\/div>\n\n        <div class=\"hb-menu__item\">\n          <div class=\"hb-menu__row\">\n            <h4 class=\"hb-menu__name\">Salm\u00f3n<\/h4>\n            <div class=\"hb-menu__price\">14,00\u20ac<\/div>\n          <\/div>\n          <div class=\"hb-menu__desc\">Con arroz basmati al estilo canton\u00e9s y sopa de curry verde.<\/div>\n          <div class=\"hb-menu__chips\">\n            <span class=\"hb-chip\">Pescado<\/span><span class=\"hb-chip\">Soja<\/span><span class=\"hb-chip hb-chip--warn\">Sulfitos<\/span>\n          <\/div>\n        <\/div>\n\n        <div class=\"hb-menu__item\">\n          <div class=\"hb-menu__row\">\n            <h4 class=\"hb-menu__name\">Bacalao Confitado<\/h4>\n            <div class=\"hb-menu__price\">13,50\u20ac<\/div>\n          <\/div>\n          <div class=\"hb-menu__desc\">Con wok de verduras, crema de calabaza y naranja y alioli de miel gratinado.<\/div>\n          <div class=\"hb-menu__chips\">\n            <span class=\"hb-chip\">Pescado<\/span><span class=\"hb-chip hb-chip--warn\">L\u00e1cteos<\/span>\n          <\/div>\n        <\/div>\n\n        <div class=\"hb-menu__item\">\n          <div class=\"hb-menu__row\">\n            <h4 class=\"hb-menu__name\">Carrillera de Cerdo<\/h4>\n            <div class=\"hb-menu__price\">14,80\u20ac<\/div>\n          <\/div>\n          <div class=\"hb-menu__desc\">8 horas a baja temperatura, setas, demi glace y pur\u00e9 trufado.<\/div>\n          <div class=\"hb-menu__chips\">\n            <span class=\"hb-chip hb-chip--warn\">Sulfitos<\/span>\n          <\/div>\n        <\/div>\n\n        <div class=\"hb-menu__item\">\n          <div class=\"hb-menu__row\">\n            <h4 class=\"hb-menu__name\">Costilla de ternera<\/h4>\n            <div class=\"hb-menu__price\">14,90\u20ac<\/div>\n          <\/div>\n          <div class=\"hb-menu__desc\">Con barbacoa coreana, pur\u00e9 de boniato y patatas.<\/div>\n          <div class=\"hb-menu__chips\">\n            <span class=\"hb-chip\">Gluten<\/span><span class=\"hb-chip hb-chip--warn\">Huevo<\/span><span class=\"hb-chip\">Pescado<\/span><span class=\"hb-chip\">Soja<\/span><span class=\"hb-chip hb-chip--warn\">Sulfitos<\/span>\n          <\/div>\n        <\/div>\n\n        <div class=\"hb-menu__item\">\n          <div class=\"hb-menu__row\">\n            <h4 class=\"hb-menu__name\">Entrecot<\/h4>\n            <div class=\"hb-menu__price\">19,90\u20ac<\/div>\n          <\/div>\n          <div class=\"hb-menu__desc\">Lomo alto de vaca madurada, patatas y verduras.<\/div>\n        <\/div>\n      <\/section>\n\n      <!-- ARROCES -->\n      <section class=\"hb-menu__section\" id=\"arroces\">\n        <div class=\"hb-menu__section-head\">\n          <h2 class=\"hb-menu__section-title\">Arroces<\/h2>\n          <div class=\"hb-menu__badge\">p\/p<\/div>\n        <\/div>\n\n        <div class=\"hb-menu__item\">\n          <div class=\"hb-menu__row\">\n            <h4 class=\"hb-menu__name\">Arroz de Secreto<\/h4>\n            <div class=\"hb-menu__price\">13,00\u20ac <span class=\"hb-menu__pp\">p\/p<\/span><\/div>\n          <\/div>\n          <div class=\"hb-menu__desc\">Setas y lombarda.<\/div>\n        <\/div>\n\n        <div class=\"hb-menu__item\">\n          <div class=\"hb-menu__row\">\n            <h4 class=\"hb-menu__name\">Arroz de Sepia Sucia<\/h4>\n            <div class=\"hb-menu__price\">13,00\u20ac <span class=\"hb-menu__pp\">p\/p<\/span><\/div>\n          <\/div>\n          <div class=\"hb-menu__desc\">Mejillones y langostinos.<\/div>\n          <div class=\"hb-menu__chips\">\n            <span class=\"hb-chip\">Pescado<\/span><span class=\"hb-chip\">Moluscos<\/span>\n          <\/div>\n        <\/div>\n\n        <div class=\"hb-menu__item\">\n          <div class=\"hb-menu__row\">\n            <h4 class=\"hb-menu__name\">Fideua Negra<\/h4>\n            <div class=\"hb-menu__price\">12,00\u20ac <span class=\"hb-menu__pp\">p\/p<\/span><\/div>\n          <\/div>\n          <div class=\"hb-menu__desc\">Mejillones, alioli gratinado y ajitos tiernos.<\/div>\n          <div class=\"hb-menu__chips\">\n            <span class=\"hb-chip\">Gluten<\/span><span class=\"hb-chip\">Pescado<\/span><span class=\"hb-chip\">Moluscos<\/span>\n          <\/div>\n        <\/div>\n\n        <div class=\"hb-menu__item\">\n          <div class=\"hb-menu__row\">\n            <h4 class=\"hb-menu__name\">Arroz de Bogavante<\/h4>\n            <div class=\"hb-menu__price\">18,90\u20ac <span class=\"hb-menu__pp\">p\/p<\/span><\/div>\n          <\/div>\n          <div class=\"hb-menu__desc\">Bajo reserva.<\/div>\n          <div class=\"hb-menu__chips\">\n            <span class=\"hb-chip\">Crust\u00e1ceos<\/span>\n          <\/div>\n        <\/div>\n\n        <div class=\"hb-menu__item\">\n          <div class=\"hb-menu__row\">\n            <h4 class=\"hb-menu__name\">Arroz de Vaca Madurada<\/h4>\n            <div class=\"hb-menu__price\">15,00\u20ac <span class=\"hb-menu__pp\">p\/p<\/span><\/div>\n          <\/div>\n          <div class=\"hb-menu__desc\">Bajo reserva.<\/div>\n        <\/div>\n\n        <div class=\"hb-menu__item\">\n          <div class=\"hb-menu__row\">\n            <h4 class=\"hb-menu__name\">Arroz de Pato<\/h4>\n            <div class=\"hb-menu__price\">16,00\u20ac <span class=\"hb-menu__pp\">p\/p<\/span><\/div>\n          <\/div>\n          <div class=\"hb-menu__desc\">Setas y foie.<\/div>\n        <\/div>\n      <\/section>\n\n      <!-- POSTRES -->\n      <section class=\"hb-menu__section\" id=\"postres\">\n        <div class=\"hb-menu__section-head\">\n          <h2 class=\"hb-menu__section-title\">Postres<\/h2>\n          <div class=\"hb-menu__badge\">Dulce final<\/div>\n        <\/div>\n\n        <div class=\"hb-menu__item\">\n          <div class=\"hb-menu__row\">\n            <h4 class=\"hb-menu__name\">Tarta de Queso<\/h4>\n            <div class=\"hb-menu__price\">5,00\u20ac<\/div>\n          <\/div>\n          <div class=\"hb-menu__chips\">\n            <span class=\"hb-chip hb-chip--warn\">L\u00e1cteos<\/span><span class=\"hb-chip hb-chip--warn\">Huevo<\/span><span class=\"hb-chip\">Gluten<\/span>\n          <\/div>\n        <\/div>\n\n        <div class=\"hb-menu__item\">\n          <div class=\"hb-menu__row\">\n            <h4 class=\"hb-menu__name\">Capuchino<\/h4>\n            <div class=\"hb-menu__price\">5,00\u20ac<\/div>\n          <\/div>\n          <div class=\"hb-menu__desc\">Bizcocho de chocolate, helado de vainilla y crema de caf\u00e9.<\/div>\n          <div class=\"hb-menu__chips\">\n            <span class=\"hb-chip\">Gluten<\/span><span class=\"hb-chip hb-chip--warn\">Huevo<\/span><span class=\"hb-chip hb-chip--warn\">L\u00e1cteos<\/span><span class=\"hb-chip\">Frutos secos<\/span>\n          <\/div>\n        <\/div>\n\n        <div class=\"hb-menu__item\">\n          <div class=\"hb-menu__row\">\n            <h4 class=\"hb-menu__name\">Malib\u00fa<\/h4>\n            <div class=\"hb-menu__price\">4,50\u20ac<\/div>\n          <\/div>\n          <div class=\"hb-menu__desc\">Crema de coco con pi\u00f1a caramelizada con hierbabuena.<\/div>\n          <div class=\"hb-menu__chips\">\n            <span class=\"hb-chip hb-chip--warn\">L\u00e1cteos<\/span>\n          <\/div>\n        <\/div>\n      <\/section>\n\n    <\/div>\n  <\/div>\n<\/div>\t\t\t\t<\/div>\n\t\t\t\t\t<\/div>\r\n\t\t\t\t<\/div>\r\n\t\t<div class=\"elementor-element elementor-element-ae26e62 e-flex e-con-boxed pxl-row-scroll-none pxl-column-none pxl-full-content-with-space-none pxl-container-line-none pxl-container-video-background-none pxl-none overflow-visible e-con e-parent \" data-id=\"ae26e62\" data-element_type=\"container\" data-e-type=\"container\">\t\t\t<div class=\"e-con-inner\">\r\n\t\t\t\t<div class=\"elementor-element elementor-element-f74e110 pxl-none overflow-visible elementor-widget elementor-widget-pxl_menu\" data-id=\"f74e110\" data-element_type=\"widget\" data-e-type=\"widget\" data-widget_type=\"pxl_menu.default\">\n\t\t\t\t<div class=\"elementor-widget-container\">\n\t\t\t\t\t    <div class=\"pxl-nav-menu pxl-nav-menu1 pxl-mega-full-width pxl-nav-horizontal fr-style-default show-effect-slideup  sub-style-default\" data-wow-delay=\"ms\">\r\n        <div class=\"menu-carta-container\"><ul id=\"menu-carta\" class=\"pxl-menu-primary clearfix\"><li id=\"menu-item-10185\" class=\"menu-item menu-item-type-post_type menu-item-object-page menu-item-10185\"><a href=\"https:\/\/homebarbut.com\/?page_id=10128\"><span class=\"pxl-menu-item-text\">Vinos<i class=\"caseicon-angle-arrow-down pxl-hide\"><\/i><span class=\"pxl-item-menu-icon pxl-hide \"><\/span><\/span><\/a><\/li>\n<li id=\"menu-item-10186\" class=\"menu-item menu-item-type-post_type menu-item-object-page menu-item-10186\"><a href=\"https:\/\/homebarbut.com\/?page_id=10097\"><span class=\"pxl-menu-item-text\">Carta<i class=\"caseicon-angle-arrow-down pxl-hide\"><\/i><span class=\"pxl-item-menu-icon pxl-hide \"><\/span><\/span><\/a><\/li>\n<li id=\"menu-item-10187\" class=\"menu-item menu-item-type-post_type menu-item-object-page menu-item-10187\"><a href=\"https:\/\/homebarbut.com\/?page_id=10077\"><span class=\"pxl-menu-item-text\">Menu del d\u00eda<i class=\"caseicon-angle-arrow-down pxl-hide\"><\/i><span class=\"pxl-item-menu-icon pxl-hide \"><\/span><\/span><\/a><\/li>\n<li id=\"menu-item-10188\" class=\"menu-item menu-item-type-post_type menu-item-object-page menu-item-10188\"><a href=\"https:\/\/homebarbut.com\/?page_id=10068\"><span class=\"pxl-menu-item-text\">Men\u00fa Fin De Semana<i class=\"caseicon-angle-arrow-down pxl-hide\"><\/i><span class=\"pxl-item-menu-icon pxl-hide \"><\/span><\/span><\/a><\/li>\n<\/ul><\/div>            <\/div>\r\n\t\t\t\t<\/div>\n\t\t\t\t<\/div>\n\t\t\t\t\t<\/div>\r\n\t\t\t\t<\/div>\r\n\t\t\t\t<\/div>\n\t\t","protected":false},"excerpt":{"rendered":"<p>Entrantes Principales Arroces Postres Entrantes Para compartir Pan tomate y alioli 1,00\u20ac Alioli casero, con tomate de temporada. GlutenHuevo C\u00c9SAR STREET 10,90\u20ac Cogollos a la plancha, pechuga marinada y rebozada y parmesano en texturas. GlutenHuevoSojaMostazaPescadoFrutos secos Tomate de El Terreno 10,50\u20ac Tomate del terreno, cherry, tomate seco, capell\u00e0 torrat, bloody mary ahumado, piparra dulce. PescadoSulfitos [&hellip;]<\/p>\n","protected":false},"author":1,"featured_media":0,"parent":0,"menu_order":0,"comment_status":"closed","ping_status":"closed","template":"","meta":{"footnotes":""},"class_list":["post-10097","page","type-page","status-publish","hentry"],"_links":{"self":[{"href":"https:\/\/homebarbut.com\/index.php?rest_route=\/wp\/v2\/pages\/10097","targetHints":{"allow":["GET"]}}],"collection":[{"href":"https:\/\/homebarbut.com\/index.php?rest_route=\/wp\/v2\/pages"}],"about":[{"href":"https:\/\/homebarbut.com\/index.php?rest_route=\/wp\/v2\/types\/page"}],"author":[{"embeddable":true,"href":"https:\/\/homebarbut.com\/index.php?rest_route=\/wp\/v2\/users\/1"}],"replies":[{"embeddable":true,"href":"https:\/\/homebarbut.com\/index.php?rest_route=%2Fwp%2Fv2%2Fcomments&post=10097"}],"version-history":[{"count":22,"href":"https:\/\/homebarbut.com\/index.php?rest_route=\/wp\/v2\/pages\/10097\/revisions"}],"predecessor-version":[{"id":10191,"href":"https:\/\/homebarbut.com\/index.php?rest_route=\/wp\/v2\/pages\/10097\/revisions\/10191"}],"wp:attachment":[{"href":"https:\/\/homebarbut.com\/index.php?rest_route=%2Fwp%2Fv2%2Fmedia&parent=10097"}],"curies":[{"name":"wp","href":"https:\/\/api.w.org\/{rel}","templated":true}]}}