{"id":10068,"date":"2026-02-06T20:32:37","date_gmt":"2026-02-06T20:32:37","guid":{"rendered":"https:\/\/homebarbut.com\/?page_id=10068"},"modified":"2026-05-08T13:46:23","modified_gmt":"2026-05-08T13:46:23","slug":"menu-especial","status":"publish","type":"page","link":"https:\/\/homebarbut.com\/?page_id=10068","title":{"rendered":"Men\u00fa Fin De Semana"},"content":{"rendered":"\t\t<div data-elementor-type=\"wp-page\" data-elementor-id=\"10068\" class=\"elementor elementor-10068\">\n\t\t\t\t<div class=\"elementor-element elementor-element-0083eea e-flex e-con-boxed pxl-row-scroll-none pxl-column-none pxl-full-content-with-space-none pxl-container-line-none pxl-container-video-background-none pxl-none overflow-visible e-con e-parent \" data-id=\"0083eea\" data-element_type=\"container\" data-e-type=\"container\">\t\t\t<div class=\"e-con-inner\">\r\n\t\t\t\t<div class=\"elementor-element elementor-element-b53611a pxl-none overflow-visible elementor-widget elementor-widget-pxl_heading\" data-id=\"b53611a\" data-element_type=\"widget\" data-e-type=\"widget\" data-widget_type=\"pxl_heading.default\">\n\t\t\t\t<div class=\"elementor-widget-container\">\n\t\t\t\t\t\n<div id=\"pxl-pxl_heading-b53611a-4037\" class=\"pxl-heading   px-sub-title-default-style \">\n\t<div class=\"pxl-heading--inner\">\n\t\t\n\t\t<h3 class=\"pxl-item--title style-default color highlight-default \" data-wow-delay=\"ms\">\n\t\t\t\t\tMen\u00fa fin de semana\t\n\t\t\t\n\t\t<\/h3>\n\t\t\n\t<\/div>\n<\/div>\t\t\t\t<\/div>\n\t\t\t\t<\/div>\n\t\t\t\t<div class=\"elementor-element elementor-element-fa1e063 pxl-none overflow-visible elementor-widget elementor-widget-pxl_text_editor\" data-id=\"fa1e063\" data-element_type=\"widget\" data-e-type=\"widget\" data-widget_type=\"pxl_text_editor.default\">\n\t\t\t\t<div class=\"elementor-widget-container\">\n\t\t\t\t\t<div class=\"pxl-text-editor default \">\n\t<div class=\"pxl-item--inner  \" data-wow-delay=\"ms\">\n\t\t<h4>Precio por persona 26\u20ac<\/h4><p>Aperitivo + 3 entrantes. 1 plato principal a elegir. 1 postre casero, o caf\u00e9 o infusi\u00f3n.\u00a0<\/p><p>Copas, tocados, licores y similares no inclu\u00eddos.<\/p><p>Arroz m\u00ednimo 2 personas, bajo reserva. Consultar tiempo de espera.<\/p>\t\t\n\t<\/div>\n<\/div>\t\t\t\t<\/div>\n\t\t\t\t<\/div>\n\t\t\t\t<div class=\"elementor-element elementor-element-5c4e261 pxl-none overflow-visible elementor-widget elementor-widget-n-accordion\" data-id=\"5c4e261\" data-element_type=\"widget\" data-e-type=\"widget\" data-settings=\"{&quot;default_state&quot;:&quot;expanded&quot;,&quot;max_items_expended&quot;:&quot;one&quot;,&quot;n_accordion_animation_duration&quot;:{&quot;unit&quot;:&quot;ms&quot;,&quot;size&quot;:400,&quot;sizes&quot;:[]}}\" data-widget_type=\"nested-accordion.default\">\n\t\t\t\t\t\t\t<div class=\"e-n-accordion\" aria-label=\"Accordion. Open links with Enter or Space, close with Escape, and navigate with Arrow Keys\">\n\t\t\t\t\t\t<details id=\"e-n-accordion-item-9670\" class=\"e-n-accordion-item\" open>\n\t\t\t\t<summary class=\"e-n-accordion-item-title\" data-accordion-index=\"1\" tabindex=\"0\" aria-expanded=\"true\" aria-controls=\"e-n-accordion-item-9670\" >\n\t\t\t\t\t<span class='e-n-accordion-item-title-header'><div class=\"e-n-accordion-item-title-text\"> Entrantes <\/div><\/span>\n\t\t\t\t\t\t\t<span class='e-n-accordion-item-title-icon'>\n\t\t\t<span class='e-opened' ><i aria-hidden=\"true\" class=\"fas fa-minus\"><\/i><\/span>\n\t\t\t<span class='e-closed'><i aria-hidden=\"true\" class=\"fas fa-plus\"><\/i><\/span>\n\t\t<\/span>\n\n\t\t\t\t\t\t<\/summary>\n\t\t\t\t<div role=\"region\" aria-labelledby=\"e-n-accordion-item-9670\" class=\"elementor-element elementor-element-a383689 e-con-full e-flex pxl-row-scroll-none pxl-column-none pxl-full-content-with-space-none pxl-container-line-none pxl-container-video-background-none pxl-none overflow-visible e-con e-child \" data-id=\"a383689\" data-element_type=\"container\" data-e-type=\"container\">\t\t<div class=\"elementor-element elementor-element-0b3599b pxl-none overflow-visible elementor-widget elementor-widget-html\" data-id=\"0b3599b\" data-element_type=\"widget\" data-e-type=\"widget\" data-widget_type=\"html.default\">\n\t\t\t\t\t  <article class=\"plato\">\n    <h3>Aperitivo<\/h3>\n    <p>Pan, tomate y alioli casero.<\/p>\n    <p><strong>Al\u00e9rgenos:<\/strong> 1.3.7.<\/p>\n  <\/article>\n\n  <article class=\"plato\">\n    <h3>ensalada \u201cred\u201d<\/h3>\n    <p>tomate del terreno, tomaste seco , tomate cherry , caperlla torrat , fresas , \nsalmorejo de fresas<\/p>\n    <p><strong>Al\u00e9rgenos:<\/strong> 4.5.<\/p>\n  <\/article>\n\n  <article class=\"plato\">\n    <h3>zamburi\u00f1as<\/h3>\n    <p>gazpachuelo acevichado ,chilcano ,aceite ahumado y maiz tostado<\/p>\n    <p><strong>Al\u00e9rgenos:<\/strong> 1.4.5.<\/p>\n  <\/article>\n\n  <article class=\"plato\">\n    <h3>Porki's<\/h3>\n    <p>brioche casero , costilla cocinada a baja temperatura ensalada fresca de coleslaw y remolacha encurtida en lima y azucar.<\/p>\n    <p><strong>Al\u00e9rgenos:<\/strong>1.2.6.7.11.12.<\/p>\n  <\/article>\t\t\t\t<\/div>\n\t\t\t\t<\/div>\r\n\t\t\t\t\t<\/details>\n\t\t\t\t\t\t<details id=\"e-n-accordion-item-9671\" class=\"e-n-accordion-item\" >\n\t\t\t\t<summary class=\"e-n-accordion-item-title\" data-accordion-index=\"2\" tabindex=\"-1\" aria-expanded=\"false\" aria-controls=\"e-n-accordion-item-9671\" >\n\t\t\t\t\t<span class='e-n-accordion-item-title-header'><div class=\"e-n-accordion-item-title-text\"> Principal a elegir <\/div><\/span>\n\t\t\t\t\t\t\t<span class='e-n-accordion-item-title-icon'>\n\t\t\t<span class='e-opened' ><i aria-hidden=\"true\" class=\"fas fa-minus\"><\/i><\/span>\n\t\t\t<span class='e-closed'><i aria-hidden=\"true\" class=\"fas fa-plus\"><\/i><\/span>\n\t\t<\/span>\n\n\t\t\t\t\t\t<\/summary>\n\t\t\t\t<div role=\"region\" aria-labelledby=\"e-n-accordion-item-9671\" class=\"elementor-element elementor-element-7768ff4 e-con-full e-flex pxl-row-scroll-none pxl-column-none pxl-full-content-with-space-none pxl-container-line-none pxl-container-video-background-none pxl-none overflow-visible e-con e-child \" data-id=\"7768ff4\" data-element_type=\"container\" data-e-type=\"container\">\t\t<div class=\"elementor-element elementor-element-f8d4087 pxl-none overflow-visible elementor-widget elementor-widget-html\" data-id=\"f8d4087\" data-element_type=\"widget\" data-e-type=\"widget\" data-widget_type=\"html.default\">\n\t\t\t\t\t<article class=\"plato\">\n    <h3>Salm\u00f3n<\/h3>\n    <p>cremoso de mango arroz negro y pak choi.<\/p>\n    <p><strong>Al\u00e9rgenos:<\/strong> 4.7.<\/p>\n  <\/article>\n\n  <article class=\"plato\">\n    <h3>dorada<\/h3>\n    <p>crema de verduras , sofrito de verduras.<\/p>\n    <p><strong>Al\u00e9rgenos:<\/strong> 4.7.<\/p>\n  <\/article>\n\n  <article class=\"plato\">\n    <h3>costilla estilo alemana<\/h3>\n    <p>costilla de ternera cocinada a baja temperatura con cerveza negra y mostaza.<\/p>\n    <p><strong>Al\u00e9rgenos:<\/strong>1.6.10.14<\/p>\n  <\/article>\n\n  <article class=\"plato\">\n    <h3>nueva Carrillera melosa<\/h3>\n    <p>nueva version de nuestra carrillera , pure de patatas, verduritas y reduccion de vino tinto.<\/p>\n    <p><strong>Al\u00e9rgenos:<\/strong> 7.<\/p>\n  <\/article>\n  <article class=\"plato\">\n    <h3>entrecot<\/h3>\n    <p>patatas y verduras.<\/p>\n    <p><strong>Suplemento:<\/strong> 5\u20ac\n<\/p>\n  <\/article>\n\n\n  <article class=\"plato\">\n    <h3>Arroz de secreto<\/h3>\n    <p>Setas y lombarda.<\/p>\n    <p><strong>Al\u00e9rgenos:<\/strong><\/p>\n  <\/article>\n\n  <article class=\"plato\">\n    <h3>Arroz de sepia<\/h3>\n    <p>y esparragos <\/p>\n    <p><strong>Al\u00e9rgenos:<\/strong> 2.4.11.<\/p>\n  <\/article>\n  \n <article class=\"plato\">\n    <h3>Arroz de pato<\/h3>\n    <p> pato,setas y foie <\/p>\n    <p><strong>Suplementos:<\/strong> 5\u20ac.<\/p>\n  <\/article>\n  <article class=\"plato\">\n    <h3>Fideua negra<\/h3>\n    <p>Sepia, mejillones, ajitos tiernos y alioli gratinado.<\/p>\n    <p><strong>Al\u00e9rgenos:<\/strong> 1.2.4.11\n  <\/article>\n   <article class=\"plato\">\n    <h3>Arroz del se\u00f1oret<\/h3>\n    <p> sepia mejillones y langostinos <\/p>\n    <p><strong>Alergenoss:<\/strong>2.4.11<\/p>\n  <\/article>\n  <article class=\"plato\">\n    <h3>ARROZ DE BOGAVANTE<\/h3>\n    <p.<\/p>\n    <p><strong>Suplemento:<\/strong> 5\u20ac\n  <\/article>\n\n  \t\t\t\t<\/div>\n\t\t\t\t<div class=\"elementor-element elementor-element-8c04bc5 elementor-alert-warning pxl-none overflow-visible elementor-widget elementor-widget-alert\" data-id=\"8c04bc5\" data-element_type=\"widget\" data-e-type=\"widget\" data-widget_type=\"alert.default\">\n\t\t\t\t\t\t\t<div class=\"elementor-alert\" role=\"alert\">\n\n\t\t\t\t\t\t<span class=\"elementor-alert-title\">A tener en cuenta<\/span>\n\t\t\t\n\t\t\t\t\t\t<span class=\"elementor-alert-description\">Arroz m\u00ednimo 2 personas, bajo reserva. Consultar tiempo de espera.<\/span>\n\t\t\t\n\t\t\t\t\t\t<button type=\"button\" class=\"elementor-alert-dismiss\" aria-label=\"Descartar esta alerta.\">\n\t\t\t\t\t\t\t\t\t<span aria-hidden=\"true\">&times;<\/span>\n\t\t\t\t\t\t\t<\/button>\n\t\t\t\n\t\t<\/div>\n\t\t\t\t\t\t<\/div>\n\t\t\t\t<div class=\"elementor-element elementor-element-6a99751 elementor-alert-warning pxl-none overflow-visible elementor-widget elementor-widget-alert\" data-id=\"6a99751\" data-element_type=\"widget\" data-e-type=\"widget\" data-widget_type=\"alert.default\">\n\t\t\t\t\t\t\t<div class=\"elementor-alert\" role=\"alert\">\n\n\t\t\t\t\t\t<span class=\"elementor-alert-title\">ALERGENOS<\/span>\n\t\t\t\n\t\t\t\t\t\t<span class=\"elementor-alert-description\">1 gluten. 2 crustaceos. 3 huevos. 4 pescados. 5 frutos secos. 6 soja. 7 lacteos  8cacahuetes. 9 apio. 10 sulfitos. 11 moluscos. 12 sesamo. 13 altramuces. 14 mostaza.. *POSIBILIDAD SIN GLUTEN<\/span>\n\t\t\t\n\t\t\t\t\t\t<button type=\"button\" class=\"elementor-alert-dismiss\" aria-label=\"Descartar esta alerta.\">\n\t\t\t\t\t\t\t\t\t<span aria-hidden=\"true\">&times;<\/span>\n\t\t\t\t\t\t\t<\/button>\n\t\t\t\n\t\t<\/div>\n\t\t\t\t\t\t<\/div>\n\t\t\t\t<\/div>\r\n\t\t\t\t\t<\/details>\n\t\t\t\t\t<\/div>\n\t\t\t\t\t\t<\/div>\n\t\t\t\t\t<\/div>\r\n\t\t\t\t<\/div>\r\n\t\t<div class=\"elementor-element elementor-element-70b8899 e-flex e-con-boxed pxl-row-scroll-none pxl-column-none pxl-full-content-with-space-none pxl-container-line-none pxl-container-video-background-none pxl-none overflow-visible e-con e-parent \" data-id=\"70b8899\" data-element_type=\"container\" data-e-type=\"container\">\t\t\t<div class=\"e-con-inner\">\r\n\t\t\t\t<div class=\"elementor-element elementor-element-a0f0c5e pxl-none overflow-visible elementor-widget elementor-widget-pxl_menu\" data-id=\"a0f0c5e\" data-element_type=\"widget\" data-e-type=\"widget\" data-widget_type=\"pxl_menu.default\">\n\t\t\t\t<div class=\"elementor-widget-container\">\n\t\t\t\t\t    <div class=\"pxl-nav-menu pxl-nav-menu1 pxl-mega-full-width pxl-nav-horizontal fr-style-default show-effect-slideup  sub-style-default\" data-wow-delay=\"ms\">\r\n        <div class=\"menu-carta-container\"><ul id=\"menu-carta\" class=\"pxl-menu-primary clearfix\"><li id=\"menu-item-10185\" class=\"menu-item menu-item-type-post_type menu-item-object-page menu-item-10185\"><a href=\"https:\/\/homebarbut.com\/?page_id=10128\"><span class=\"pxl-menu-item-text\">Vinos<i class=\"caseicon-angle-arrow-down pxl-hide\"><\/i><span class=\"pxl-item-menu-icon pxl-hide \"><\/span><\/span><\/a><\/li>\n<li id=\"menu-item-10186\" class=\"menu-item menu-item-type-post_type menu-item-object-page menu-item-10186\"><a href=\"https:\/\/homebarbut.com\/?page_id=10097\"><span class=\"pxl-menu-item-text\">Carta<i class=\"caseicon-angle-arrow-down pxl-hide\"><\/i><span class=\"pxl-item-menu-icon pxl-hide \"><\/span><\/span><\/a><\/li>\n<li id=\"menu-item-10187\" class=\"menu-item menu-item-type-post_type menu-item-object-page menu-item-10187\"><a href=\"https:\/\/homebarbut.com\/?page_id=10077\"><span class=\"pxl-menu-item-text\">Menu del d\u00eda<i class=\"caseicon-angle-arrow-down pxl-hide\"><\/i><span class=\"pxl-item-menu-icon pxl-hide \"><\/span><\/span><\/a><\/li>\n<li id=\"menu-item-10188\" class=\"menu-item menu-item-type-post_type menu-item-object-page menu-item-10188\"><a href=\"https:\/\/homebarbut.com\/?page_id=10068\"><span class=\"pxl-menu-item-text\">Men\u00fa Fin De Semana<i class=\"caseicon-angle-arrow-down pxl-hide\"><\/i><span class=\"pxl-item-menu-icon pxl-hide \"><\/span><\/span><\/a><\/li>\n<\/ul><\/div>            <\/div>\r\n\t\t\t\t<\/div>\n\t\t\t\t<\/div>\n\t\t\t\t\t<\/div>\r\n\t\t\t\t<\/div>\r\n\t\t\t\t<\/div>\n\t\t","protected":false},"excerpt":{"rendered":"<p>Men\u00fa fin de semana Precio por persona 26\u20ac Aperitivo + 3 entrantes. 1 plato principal a elegir. 1 postre casero, o caf\u00e9 o infusi\u00f3n.\u00a0 Copas, tocados, licores y similares no inclu\u00eddos. Arroz m\u00ednimo 2 personas, bajo reserva. Consultar tiempo de espera. Entrantes Aperitivo Pan, tomate y alioli casero. Al\u00e9rgenos: 1.3.7. ensalada \u201cred\u201d tomate del terreno, [&hellip;]<\/p>\n","protected":false},"author":1,"featured_media":0,"parent":0,"menu_order":0,"comment_status":"closed","ping_status":"closed","template":"","meta":{"footnotes":""},"class_list":["post-10068","page","type-page","status-publish","hentry"],"_links":{"self":[{"href":"https:\/\/homebarbut.com\/index.php?rest_route=\/wp\/v2\/pages\/10068","targetHints":{"allow":["GET"]}}],"collection":[{"href":"https:\/\/homebarbut.com\/index.php?rest_route=\/wp\/v2\/pages"}],"about":[{"href":"https:\/\/homebarbut.com\/index.php?rest_route=\/wp\/v2\/types\/page"}],"author":[{"embeddable":true,"href":"https:\/\/homebarbut.com\/index.php?rest_route=\/wp\/v2\/users\/1"}],"replies":[{"embeddable":true,"href":"https:\/\/homebarbut.com\/index.php?rest_route=%2Fwp%2Fv2%2Fcomments&post=10068"}],"version-history":[{"count":20,"href":"https:\/\/homebarbut.com\/index.php?rest_route=\/wp\/v2\/pages\/10068\/revisions"}],"predecessor-version":[{"id":10320,"href":"https:\/\/homebarbut.com\/index.php?rest_route=\/wp\/v2\/pages\/10068\/revisions\/10320"}],"wp:attachment":[{"href":"https:\/\/homebarbut.com\/index.php?rest_route=%2Fwp%2Fv2%2Fmedia&parent=10068"}],"curies":[{"name":"wp","href":"https:\/\/api.w.org\/{rel}","templated":true}]}}